{"id":75,"date":"2025-02-13T16:36:38","date_gmt":"2025-02-13T15:36:38","guid":{"rendered":"http:\/\/www.ergotherapie-rieger.at\/?page_id=75"},"modified":"2025-06-06T14:58:26","modified_gmt":"2025-06-06T12:58:26","slug":"kontakt-terminvereinbarung","status":"publish","type":"page","link":"https:\/\/www.ergotherapie-rieger.at\/?page_id=75","title":{"rendered":"Kontakt &amp; Terminvereinbarung"},"content":{"rendered":"\n<p>Standort: Griesplatz 1, 8480 Mureck<br>Kontakt: <a href=\"tel:0664 3807837\">0664 3807837<\/a><br>E-Mail: <a href=\"mail:ergotherapie-rieger.at\"><a href=\"mailto:ergotherapie-rieger@gmx.net\">ergotherapie-rieger@gmx.net<\/a><\/a><br>Termine nur nach telefonischer Vereinbarung!<br><br>Absageregelung:<br>Ihre Termine sind individuell f\u00fcr Sie reserviert. Falls Sie einen Termin nicht wahrnehmen<br>k\u00f6nnen, bitte ich Sie, diesen mindestens 24 Stunden vorher abzusagen.<br>Bei kurzfristigen Absagen oder Nichterscheinen ohne vorherige Benachrichtigung wird der<br>Termin in Rechnung gestellt, da die f\u00fcr Sie vorgesehene Zeit nicht anderweitig vergeben<br>werden kann.<br>Vielen Dank f\u00fcr Ihr Verst\u00e4ndnis und Ihre R\u00fccksichtnahme!<\/p>\n\n\n\n<p><\/p>\n","protected":false},"excerpt":{"rendered":"<p>Standort: Griesplatz 1, 8480 MureckKontakt: 0664 3807837E-Mail: ergotherapie-rieger@gmx.netTermine nur nach telefonischer Vereinbarung! Absageregelung:Ihre Termine sind individuell f\u00fcr Sie reserviert. Falls Sie einen Termin nicht wahrnehmenk\u00f6nnen, bitte ich Sie, diesen mindestens 24 Stunden vorher abzusagen.Bei kurzfristigen Absagen oder Nichterscheinen ohne vorherige Benachrichtigung wird derTermin in Rechnung gestellt, da die f\u00fcr Sie vorgesehene Zeit nicht anderweitig vergebenwerden &hellip; <\/p>\n<p class=\"link-more\"><a href=\"https:\/\/www.ergotherapie-rieger.at\/?page_id=75\" class=\"more-link\"><span class=\"screen-reader-text\">\u201eKontakt &amp; Terminvereinbarung\u201c<\/span> weiterlesen<\/a><\/p>\n","protected":false},"author":1,"featured_media":0,"parent":0,"menu_order":0,"comment_status":"closed","ping_status":"closed","template":"","meta":{"footnotes":""},"class_list":["post-75","page","type-page","status-publish","hentry"],"yoast_head":"<!-- This site is optimized with the Yoast SEO plugin v24.4 - https:\/\/yoast.com\/wordpress\/plugins\/seo\/ -->\n<title>Kontakt &amp; Terminvereinbarung - Willkommen in meiner ergotherapeutischen Praxis!<\/title>\n<meta name=\"robots\" content=\"index, follow, max-snippet:-1, max-image-preview:large, max-video-preview:-1\" \/>\n<link rel=\"canonical\" href=\"https:\/\/www.ergotherapie-rieger.at\/?page_id=75\" \/>\n<meta property=\"og:locale\" content=\"de_DE\" \/>\n<meta property=\"og:type\" content=\"article\" \/>\n<meta property=\"og:title\" content=\"Kontakt &amp; Terminvereinbarung - Willkommen in meiner ergotherapeutischen Praxis!\" \/>\n<meta property=\"og:description\" content=\"Standort: Griesplatz 1, 8480 MureckKontakt: 0664 3807837E-Mail: ergotherapie-rieger@gmx.netTermine nur nach telefonischer Vereinbarung! Absageregelung:Ihre Termine sind individuell f\u00fcr Sie reserviert. Falls Sie einen Termin nicht wahrnehmenk\u00f6nnen, bitte ich Sie, diesen mindestens 24 Stunden vorher abzusagen.Bei kurzfristigen Absagen oder Nichterscheinen ohne vorherige Benachrichtigung wird derTermin in Rechnung gestellt, da die f\u00fcr Sie vorgesehene Zeit nicht anderweitig vergebenwerden &hellip; \u201eKontakt &amp; Terminvereinbarung\u201c weiterlesen\" \/>\n<meta property=\"og:url\" content=\"https:\/\/www.ergotherapie-rieger.at\/?page_id=75\" \/>\n<meta property=\"og:site_name\" content=\"Willkommen in meiner ergotherapeutischen Praxis!\" \/>\n<meta property=\"article:modified_time\" content=\"2025-06-06T12:58:26+00:00\" \/>\n<meta name=\"twitter:card\" content=\"summary_large_image\" \/>\n<meta name=\"twitter:label1\" content=\"Gesch\u00e4tzte Lesezeit\" \/>\n\t<meta name=\"twitter:data1\" content=\"1\u00a0Minute\" \/>\n<script type=\"application\/ld+json\" class=\"yoast-schema-graph\">{\"@context\":\"https:\/\/schema.org\",\"@graph\":[{\"@type\":\"WebPage\",\"@id\":\"https:\/\/www.ergotherapie-rieger.at\/?page_id=75\",\"url\":\"https:\/\/www.ergotherapie-rieger.at\/?page_id=75\",\"name\":\"Kontakt &amp; Terminvereinbarung - Willkommen in meiner ergotherapeutischen Praxis!\",\"isPartOf\":{\"@id\":\"https:\/\/www.ergotherapie-rieger.at\/#website\"},\"datePublished\":\"2025-02-13T15:36:38+00:00\",\"dateModified\":\"2025-06-06T12:58:26+00:00\",\"breadcrumb\":{\"@id\":\"https:\/\/www.ergotherapie-rieger.at\/?page_id=75#breadcrumb\"},\"inLanguage\":\"de\",\"potentialAction\":[{\"@type\":\"ReadAction\",\"target\":[\"https:\/\/www.ergotherapie-rieger.at\/?page_id=75\"]}]},{\"@type\":\"BreadcrumbList\",\"@id\":\"https:\/\/www.ergotherapie-rieger.at\/?page_id=75#breadcrumb\",\"itemListElement\":[{\"@type\":\"ListItem\",\"position\":1,\"name\":\"Startseite\",\"item\":\"https:\/\/www.ergotherapie-rieger.at\/\"},{\"@type\":\"ListItem\",\"position\":2,\"name\":\"Kontakt &amp; Terminvereinbarung\"}]},{\"@type\":\"WebSite\",\"@id\":\"https:\/\/www.ergotherapie-rieger.at\/#website\",\"url\":\"https:\/\/www.ergotherapie-rieger.at\/\",\"name\":\"Willkommen in meiner ergotherapeutischen Praxis!\",\"description\":\"Rieger Angelika, BSc\",\"publisher\":{\"@id\":\"https:\/\/www.ergotherapie-rieger.at\/#organization\"},\"potentialAction\":[{\"@type\":\"SearchAction\",\"target\":{\"@type\":\"EntryPoint\",\"urlTemplate\":\"https:\/\/www.ergotherapie-rieger.at\/?s={search_term_string}\"},\"query-input\":{\"@type\":\"PropertyValueSpecification\",\"valueRequired\":true,\"valueName\":\"search_term_string\"}}],\"inLanguage\":\"de\"},{\"@type\":\"Organization\",\"@id\":\"https:\/\/www.ergotherapie-rieger.at\/#organization\",\"name\":\"Willkommen in meiner ergotherapeutischen Praxis!\",\"url\":\"https:\/\/www.ergotherapie-rieger.at\/\",\"logo\":{\"@type\":\"ImageObject\",\"inLanguage\":\"de\",\"@id\":\"https:\/\/www.ergotherapie-rieger.at\/#\/schema\/logo\/image\/\",\"url\":\"https:\/\/www.ergotherapie-rieger.at\/wp-content\/uploads\/2025\/06\/cropped-Logo_Zeichen_weiss.png\",\"contentUrl\":\"https:\/\/www.ergotherapie-rieger.at\/wp-content\/uploads\/2025\/06\/cropped-Logo_Zeichen_weiss.png\",\"width\":179,\"height\":250,\"caption\":\"Willkommen in meiner ergotherapeutischen Praxis!\"},\"image\":{\"@id\":\"https:\/\/www.ergotherapie-rieger.at\/#\/schema\/logo\/image\/\"}}]}<\/script>\n<!-- \/ Yoast SEO plugin. -->","yoast_head_json":{"title":"Kontakt &amp; Terminvereinbarung - Willkommen in meiner ergotherapeutischen Praxis!","robots":{"index":"index","follow":"follow","max-snippet":"max-snippet:-1","max-image-preview":"max-image-preview:large","max-video-preview":"max-video-preview:-1"},"canonical":"https:\/\/www.ergotherapie-rieger.at\/?page_id=75","og_locale":"de_DE","og_type":"article","og_title":"Kontakt &amp; Terminvereinbarung - Willkommen in meiner ergotherapeutischen Praxis!","og_description":"Standort: Griesplatz 1, 8480 MureckKontakt: 0664 3807837E-Mail: ergotherapie-rieger@gmx.netTermine nur nach telefonischer Vereinbarung! Absageregelung:Ihre Termine sind individuell f\u00fcr Sie reserviert. Falls Sie einen Termin nicht wahrnehmenk\u00f6nnen, bitte ich Sie, diesen mindestens 24 Stunden vorher abzusagen.Bei kurzfristigen Absagen oder Nichterscheinen ohne vorherige Benachrichtigung wird derTermin in Rechnung gestellt, da die f\u00fcr Sie vorgesehene Zeit nicht anderweitig vergebenwerden &hellip; \u201eKontakt &amp; Terminvereinbarung\u201c weiterlesen","og_url":"https:\/\/www.ergotherapie-rieger.at\/?page_id=75","og_site_name":"Willkommen in meiner ergotherapeutischen Praxis!","article_modified_time":"2025-06-06T12:58:26+00:00","twitter_card":"summary_large_image","twitter_misc":{"Gesch\u00e4tzte Lesezeit":"1\u00a0Minute"},"schema":{"@context":"https:\/\/schema.org","@graph":[{"@type":"WebPage","@id":"https:\/\/www.ergotherapie-rieger.at\/?page_id=75","url":"https:\/\/www.ergotherapie-rieger.at\/?page_id=75","name":"Kontakt &amp; Terminvereinbarung - Willkommen in meiner ergotherapeutischen Praxis!","isPartOf":{"@id":"https:\/\/www.ergotherapie-rieger.at\/#website"},"datePublished":"2025-02-13T15:36:38+00:00","dateModified":"2025-06-06T12:58:26+00:00","breadcrumb":{"@id":"https:\/\/www.ergotherapie-rieger.at\/?page_id=75#breadcrumb"},"inLanguage":"de","potentialAction":[{"@type":"ReadAction","target":["https:\/\/www.ergotherapie-rieger.at\/?page_id=75"]}]},{"@type":"BreadcrumbList","@id":"https:\/\/www.ergotherapie-rieger.at\/?page_id=75#breadcrumb","itemListElement":[{"@type":"ListItem","position":1,"name":"Startseite","item":"https:\/\/www.ergotherapie-rieger.at\/"},{"@type":"ListItem","position":2,"name":"Kontakt &amp; Terminvereinbarung"}]},{"@type":"WebSite","@id":"https:\/\/www.ergotherapie-rieger.at\/#website","url":"https:\/\/www.ergotherapie-rieger.at\/","name":"Willkommen in meiner ergotherapeutischen Praxis!","description":"Rieger Angelika, BSc","publisher":{"@id":"https:\/\/www.ergotherapie-rieger.at\/#organization"},"potentialAction":[{"@type":"SearchAction","target":{"@type":"EntryPoint","urlTemplate":"https:\/\/www.ergotherapie-rieger.at\/?s={search_term_string}"},"query-input":{"@type":"PropertyValueSpecification","valueRequired":true,"valueName":"search_term_string"}}],"inLanguage":"de"},{"@type":"Organization","@id":"https:\/\/www.ergotherapie-rieger.at\/#organization","name":"Willkommen in meiner ergotherapeutischen Praxis!","url":"https:\/\/www.ergotherapie-rieger.at\/","logo":{"@type":"ImageObject","inLanguage":"de","@id":"https:\/\/www.ergotherapie-rieger.at\/#\/schema\/logo\/image\/","url":"https:\/\/www.ergotherapie-rieger.at\/wp-content\/uploads\/2025\/06\/cropped-Logo_Zeichen_weiss.png","contentUrl":"https:\/\/www.ergotherapie-rieger.at\/wp-content\/uploads\/2025\/06\/cropped-Logo_Zeichen_weiss.png","width":179,"height":250,"caption":"Willkommen in meiner ergotherapeutischen Praxis!"},"image":{"@id":"https:\/\/www.ergotherapie-rieger.at\/#\/schema\/logo\/image\/"}}]}},"_links":{"self":[{"href":"https:\/\/www.ergotherapie-rieger.at\/index.php?rest_route=\/wp\/v2\/pages\/75","targetHints":{"allow":["GET"]}}],"collection":[{"href":"https:\/\/www.ergotherapie-rieger.at\/index.php?rest_route=\/wp\/v2\/pages"}],"about":[{"href":"https:\/\/www.ergotherapie-rieger.at\/index.php?rest_route=\/wp\/v2\/types\/page"}],"author":[{"embeddable":true,"href":"https:\/\/www.ergotherapie-rieger.at\/index.php?rest_route=\/wp\/v2\/users\/1"}],"replies":[{"embeddable":true,"href":"https:\/\/www.ergotherapie-rieger.at\/index.php?rest_route=%2Fwp%2Fv2%2Fcomments&post=75"}],"version-history":[{"count":2,"href":"https:\/\/www.ergotherapie-rieger.at\/index.php?rest_route=\/wp\/v2\/pages\/75\/revisions"}],"predecessor-version":[{"id":171,"href":"https:\/\/www.ergotherapie-rieger.at\/index.php?rest_route=\/wp\/v2\/pages\/75\/revisions\/171"}],"wp:attachment":[{"href":"https:\/\/www.ergotherapie-rieger.at\/index.php?rest_route=%2Fwp%2Fv2%2Fmedia&parent=75"}],"curies":[{"name":"wp","href":"https:\/\/api.w.org\/{rel}","templated":true}]}}